a + 26164. What is d(-62)?
0
Let x(h) = -h**3 + 17*h**2 - 24*h - 87. Determine x(14).
165
Let m(k) = 323*k**2 + 1290*k + 7. What is m(-4)?
15
Let c(r) = r**3 - 15*r**2 - 101*r + 1578. Calculate c(14).
-32
Let l(c) = -c**3 + 3*c**2 + 28*c + 91. Calculate l(8).
-5
Let v(d) = 8*d + 181. Give v(-23).
-3
Let h(s) = -s**3 + 5*s**2 - 318*s + 939. Calculate h(3).
3
Let k(r) = 51*r + 974. Give k(-19).
5
Let r(z) = 10*z**3 + 4*z**2 - 8*z + 8. Determine r(1).
14
Let j(s) = 26*s + 112. What is j(0)?
112
Let t(s) = 28*s - 338. Determine t(13).
26
Let g(f) = -f**3 + 4*f**2 + 9*f - 16. What is g(3)?
20
Let h(m) = 8*m - 138. Calculate h(21).
30
Let i(s) = -4*s**2 - 433*s - 948. Give i(-106).
6
Let y(o) = -9*o**2 + 111*o + 113. What is y(-1)?
-7
Let t(j) = 468*j - 667. Determine t(2).
269
Let i(v) = 746*v + 3722. Determine i(-5).
-8
Let p(a) = a**3 + 12*a**2 + 3*a + 242. What is p(-13)?
34
Let u(v) = -v**2 + 1640*v + 18156. Determine u(-11).
-5
Let p(t) = -80*t**3 + 15*t**2 - t - 1. Give p(1).
-67
Let t(u) = -u**2 - 118*u - 2542. What is t(-28)?
-22
Let v(q) = -q**3 - 8*q**2 + 45*q - 43. Determine v(-12).
-7
Let k(p) = 49*p**2 + 13*p + 15. Give k(-2).
185
Let v(x) = -14*x - 300. Determine v(-21).
-6
Let c(f) = 10*f - 54. Calculate c(7).
16
Let x(r) = -52*r + 831. Give x(15).
51
Let p(w) = -w**3 - 12*w**2 - 12*w + 13. What is p(-4)?
-67
Let v(n) = n**3 + 14*n**2 - 37*n - 94. Determine v(-16).
-14
Let d(x) = -x**2 + 74*x - 1155. What is d(23)?
18
Let z(b) = 72*b - 2169. What is z(30)?
-9
Let z(i) = -236*i - 2927. Calculate z(-13).
141
Let s(b) = 80*b - 1126. Determine s(14).
-6
Let y(j) = -4*j**3 - 2*j**2 + 4*j + 20. What is y(4)?
-252
Let t(b) = 193*b + 3822. Determine t(-21).
-231
Let x(t) = t**2 + 10*t - 2372. Calculate x(44).
4
Let z(t) = -760*t + 620. What is z(1)?
-140
Let q(p) = -15*p**2 - 2310*p - 51. Calculate q(-154).
-51
Let p(r) = r**3 + 20*r**2 - 481*r - 72. Calculate p(-34).
98
Let l(j) = -5*j**2 + 71*j + 154. Determine l(14).
168
Let j(h) = -h**2 - 40*h + 61. Determine j(-41).
20
Let p(f) = f**2 + 31*f - 1393. Give p(24).
-73
Let q(v) = v**2 - 12*v + 50. What is q(10)?
30
Let p(w) = -782*w**2 + 13291*w + 39. Give p(17).
-12
Let t(y) = y**3 + 62*y**2 + 383*y - 10. Give t(-7).
4
Let o(u) = -28*u + 671. Give o(24).
-1
Let l(j) = 18*j - 5. Determine l(3).
49
Let x(c) = -48*c - 168. What is x(-3)?
-24
Let c(j) = 7*j**2 - 566*j - 134. Calculate c(81).
-53
Let d(f) = -2*f**3 - 4*f**2 - 99*f - 287. What is d(-3)?
28
Let m(d) = d**3 - 12*d**2 + 12*d - 115. Determine m(10).
-195
Let m(o) = -105*o - 916. Determine m(-9).
29
Let r(p) = -p**2 - 25*p + 113. Give r(4).
-3
Let s(g) = -20*g + 213. Calculate s(24).
-267
Let m(t) = 2*t**3 - 98*t**2 + 3*t - 150. Calculate m(49).
-3
Let t(j) = 74*j + 3391. Calculate t(-46).
-13
Let t(b) = 282*b - 279. Calculate t(1).
3
Let w(m) = -m**2 - 282*m + 93. Give w(0).
93
Let f(c) = c**3 - 12*c**2 + 44*c - 21. What is f(7)?
42
Let i(x) = -x**2 - 53*x - 294. Calculate i(-6).
-12
Let z(a) = 35*a + 719. Calculate z(-23).
-86
Let a(n) = -2*n**3 - 20*n**2 - 2*n - 85. Give a(-11).
179
Let d(l) = -31*l + 374. Give d(15).
-91
Let v(r) = 52*r**2 + 2077*r - 96. Calculate v(-40).
24
Let g(m) = m - 3. Give g(10).
7
Let h(n) = 3*n**2 - 44*n + 12. Determine h(21).
411
Let n(x) = x**2 - 16*x + 28. Determine n(3).
-11
Let l(p) = -29*p - 325. Determine l(-9).
-64
Let n(m) = -750*m + 447002. What is n(596)?
2
Let f(q) = 2*q**2 + 88*q - 599. Give f(-50).
1
Let v(o) = 3*o**2 - 109*o + 134. What is v(36)?
98
Let x(t) = -2*t**2 + 84*t + 34. What is x(43)?
-52
Let o(i) = 2*i**3 - 15*i**2 + 1556*i - 10856. Give o(7).
-13
Let a(x) = x**2 + 71*x + 397. What is a(-6)?
7
Let n(z) = -z**2 + 28*z + 126. Calculate n(33).
-39
Let k(q) = -444*q**2 - 12430*q + 61. What is k(-28)?
5
Let y(z) = z**3 + 7*z**2 + 9*z + 6. Give y(-6).
-12
Let s(t) = 25*t**2 + 186*t + 4. Calculate s(-4).
-340
Let s(a) = 2*a**3 - 11*a**2 + 16*a + 16. What is s(3)?
19
Let z(a) = -982*a - 7846. Determine z(-8).
10
Let x(y) = 66*y**2 - 327*y + 12. Calculate x(5).
27
Let y(r) = -2*r**3 + 20*r**2 + 43*r - 202. Calculate y(11).
29
Let z(t) = 21*t**3 - 43*t**2 + 5*t - 2. Calculate z(2).
4
Let u(f) = -2*f**2 - 59*f - 42. What is u(-29)?
-13
Let k(g) = g**3 + 32*g**2 - 284*g - 58. What is k(-39)?
371
Let t(q) = 18*q**2 + 48*q + 34. Calculate t(-1).
4
Let o(w) = -w**3 + 10*w**2 - 25*w + 147. Calculate o(9).
3
Let b(n) = 2*n**3 - 5*n**2 - 88*n + 185. Determine b(2).
5
Let v(m) = -m**3 - 42*m**2 - 61*m - 817. Calculate v(-41).
3
Let m(k) = -k**3 - 17*k**2 + 18*k. Give m(-18).
0
Let i(x) = -283*x - 4526. What is i(-16)?
2
Let o(w) = -w**3 + 17*w**2 - 65*w - 35. Determine o(9).
28
Let v(y) = -433*y + 8705. What is v(20)?
45
Let s(m) = 30*m + 2. Give s(0).
2
Let m(b) = -5*b + 230. Calculate m(51).
-25
Let k(d) = -d**2 + 44*d + 150. Give k(47).
9
Let l(o) = 5*o**2 - 7*o - 51. Give l(-4).
57
Let z(q) = -q**3 - 7*q**2 - q + 6. Calculate z(-6).
-24
Let d(f) = -19*f + 430. Determine d(22).
12
Let z(f) = -f**3 + 22*f**2 + 24*f + 45. Calculate z(23).
68
Let x(s) = -s**2 + 24*s + 15. Determine x(22).
59
Let u(t) = 5*t**2 + 88*t + 180. Determine u(-2).
24
Let d(n) = 13*n - 166. Determine d(5).
-101
Let d(u) = -u**2 + 731*u + 4409. Determine d(-6).
-13
Let y(o) = -o**3 - 2*o**2 + 7*o + 1. What is y(4)?
-67
Let z(g) = -4*g**3 - 18*g**2 + 2*g + 4. Determine z(-4).
-36
Let q(v) = -55*v**3 + 6*v**2 - 5*v - 8. What is q(2)?
-434
Let w(u) = 2*u**2 - 67*u - 78. Give w(34).
-44
Let v(c) = -57*c - 862. Calculate v(-15).
-7
Let v(j) = -724*j**3 + 3*j**2 - 4*j. What is v(1)?
-725
Let l(s) = s**3 + 45*s**2 + 48*s + 49. Calculate l(-44).
-127
Let l(u) = u**3 - 6*u**2 + 2*u + 21. Determine l(3).
0
Let q(p) = 2*p**2 + 99*p + 1222. Give q(-28).
18
Let a(x) = 5*x**2 - 104*x - 36. Calculate a(21).
-15
Let t(o) = 46*o + 408. What is t(-8)?
40
Let d(n) = n**2 - 1325*n - 7943. Calculate d(-6).
43
Let l(x) = -38*x**2 - 133*x - 1. Calculate l(-4).
-77
Let w(g) = -3*g**3 - 144*g**2 + 2*g - 47. What is w(-48)?
-143
Let y(o) = -o**3 - 11*o**2 - 34*o - 21. Calculate y(-9).
123
Let b(d) = 2*d**2 - 30*d + 108. What is b(16)?
140
Let x(u) = -u**3 - 26*u**2 - 146*u - 1. Determine x(-8).
15
Let y(i) = -24*i**2 + 158*i + 627. What is y(-4)?
-389
Let i(y) = -7*y**3 - 31*y**2 + 16*y - 18. What is i(-5)?
2
Let x(k) = 3*k**3 + 5*k**2 - 7*k - 22. Determine x(-4).
-106
Let d(g) = 23*g**3 - 13*g**2 - 18*g - 4. Determine d(-1).
-22
Let s(v) = -44*v - 34. Determine s(2).
-122
Let j(f) = -39*f**2 + 761*f - 13. What is j(19)?
367
Let l(w) = w**3 + 35*w**2 + 14*w - 103. Calculate l(-35).
-593
Let b(h) = -24*h - 141. What is b(-6)?
3
Let u(x) = x**2 - 19*x - 181. Calculate u(26).
1
Let c(t) = t**2 + 68*t - 944. What is c(12)?
16
Let f(r) = r**2 - 27*r + 23. Determine f(26).
-3
Let d(o) = -13*o + 75. Calculate d(8).
-29
Let g(u) = -7*u**2 - 40*u + 51. Calculate g(-7).
-12
Let r(d) = -103*d - 86. What is r(-1)?
17
Let o(c) = -2*c**2 - 66*c - 183. Give o(-30).
-3
Let a(o) = -2*o**3 - 315*o**2 - 150*o + 1162. Determine a(-157).
63
Let c(g) = 2957*g + 79854. What is c(-27)?
15
Let z(y) = -4*y**2 + 219*y - 919. What is z(50)?
31
Let g(a) = a**3 - 10*a**2 + 4*a - 19. Determine g(9).
-64
Let v(o) = -15*o + 280. Give v(22).
-50
Let a(i) = 29*i**2 + 294*i + 20. Give a(-10).
-20
Let v(s) = -29*s**2 + 159*s - 156. Give v(4).
16
Let c(t) = -213*t - 9158. What is c(-43)?
1
Let y(u) = 19*u**3 + 476*u**2 + 25*u - 69. Determine y(-25).
-69
Let v(l) = 28*l**2 - 47*l + 12. Calculate v(1).
-7
Let b(x) = 11*x - 63. Determine b(4).
-19
Let j(b) = -126*b - 7257. Give j(-61).
429
Let z(l) = 192*l + 33787. What is z(-176)?
-5
Let k(s) = 603*s - 3019. What is k(5)?
-4
Let r(f) = 11*f**2 - 26*f + 134. Give r(4).
206
Let g(y) = 3*y**3 - 492*y**2 - 491*y - 599. Calculate g(165).
61
Let r(u) = 119*u**2 + 2264*u + 35. Determine r(-19).
-22
Let f(r) = 7*r**3 + 7*r**2 - 2*r - 4. What is f(-2)?
-28
Let i(q) = 22*q - 1642. Calculate i(75).
8
Let p(x) = 13*x + 363. Give p(-23).
64
Let h(y) = y**3 + 8*y**2 + 19*y - 5. What is h(-6)?
-47
Let n(v) = -9*v - 49. Calculate n(-7).
14
Let s(b) = 48*b - 1343. Calculate s(28).
1
Let o(c) = 7*c**2 - 92*c + 26. Calculate o(13).
13
Let a(x) = x + 840. Calculate a(-71).
769
Let x(d) = 165*d + 515. Give x(-3).
20
Let o(b) = b**3 + 7*b**2 - 12*b - 79